{"id":19,"date":"2017-11-02T09:46:25","date_gmt":"2017-11-02T09:46:25","guid":{"rendered":"http:\/\/www.vertuose.ch\/news\/?page_id=19"},"modified":"2024-10-18T08:17:38","modified_gmt":"2024-10-18T08:17:38","slug":"accueil","status":"publish","type":"page","link":"https:\/\/www.vertuose.ch\/","title":{"rendered":"Accueil"},"content":{"rendered":"<p>[et_pb_section bb_built=&#8221;1&#8243; background_color=&#8221;rgba(34,201,145,0)&#8221; _builder_version=&#8221;3.0.85&#8243;][et_pb_row background_color=&#8221;rgba(0,0,0,0.71)&#8221; _builder_version=&#8221;3.0.85&#8243; use_background_color_gradient=&#8221;on&#8221; background_color_gradient_start=&#8221;rgba(0,0,0,0.74)&#8221; background_color_gradient_end=&#8221;rgba(11,175,0,0.61)&#8221;][et_pb_column type=&#8221;4_4&#8243;][et_pb_text _builder_version=&#8221;3.0.85&#8243; text_text_color=&#8221;#ffffff&#8221; custom_margin=&#8221;|||&#8221; background_layout=&#8221;light&#8221; module_alignment=&#8221;center&#8221; text_font=&#8221;Alike Angular||||||||&#8221;]<\/p>\n<p>&nbsp;<\/p>\n<p style=\"text-align: center;\"><strong>A<\/strong><strong>CCUEIL<\/strong><\/p>\n<hr style=\"padding-left: 120px;\" \/>\n<p style=\"text-align: left; padding-left: 60px;\">Vertuose Parcs et Jardins S\u00e0rl est une entreprise familiale de paysagisme \u0153uvrant principalement sur la r\u00e9gion de la Veveyse et alentours depuis plus de 10 ans.<\/p>\n<p style=\"text-align: left; padding-left: 60px;\">Notre soci\u00e9t\u00e9 a \u00e9t\u00e9 fond\u00e9e pour apporter un souffle nouveau \u00e0 notre m\u00e9tier en terme de qualit\u00e9 et de service.<\/p>\n<p style=\"text-align: left; padding-left: 60px;\">Nous mettons un point d&#8217;honneur \u00e0 satisfaire nos clients en leur garantissant un travail soign\u00e9, r\u00e9alis\u00e9 avec passion et professionnalisme.<\/p>\n<p style=\"text-align: left; padding-left: 60px;\">Gr\u00e2ce \u00e0 notre exp\u00e9rience de qualit\u00e9, nous avons la chance de pouvoir vous proposer un large \u00e9ventail de service, nous avons comme domaine de pr\u00e9dilection: l&#8217;am\u00e9nagement (mur, dallage, jardin min\u00e9ral, terrasse, &#8230;) ainsi que l&#8217;entretien (tonte, taille, traitement, &#8230;) mais nous avons tout<\/p>\n<p style=\"text-align: left; padding-left: 60px;\">\u00a0aussi \u00e0 c\u0153ur de r\u00e9aliser vos travaux de taille, pose de cl\u00f4ture, plantation, engazonnement, &#8230;..<\/p>\n<p style=\"text-align: left; padding-left: 60px;\">Nous mettons un point d&#8217;honneur \u00e0 nous investir dans chaque projet, nous consid\u00e9rons chaque client comme notre partenaire de r\u00e9alisation. Nous prenons le temps de comprendre vos attentes pour cr\u00e9er ensemble le projet qui correspond \u00e0 vos besoins et envies.<\/p>\n<p style=\"text-align: left; padding-left: 60px;\">Nous travaillons avec la nature, nous l&#8217;embellissons sans la brusquer afin de r\u00e9aliser vos projets en vous garantissant un r\u00e9sultat sur le long terme. Nous \u00e9coutons la nature afin d&#8217;en tirer le meilleur!<\/p>\n<p style=\"text-align: left; padding-left: 60px;\">Nous sommes \u00e0 votre disposition pour toute demande de renseignement ou r\u00e9alisation d&#8217;un devis, gratuitement et sans engagement.<\/p>\n<p style=\"text-align: left; padding-left: 60px;\">Nous sommes l\u00e0 pour vous renseigner et vous guider dans le choix des diff\u00e9rentes possibilit\u00e9s qui s&#8217;offrent \u00e0 vous dans la r\u00e9alisation de l&#8217;am\u00e9nagement de votre ext\u00e9rieur.<\/p>\n<p style=\"padding-bottom: 1em; color: #666666; font-family: 'Open Sans', Arial, sans-serif; font-size: 14px; font-style: normal; font-variant-ligatures: normal; font-variant-caps: normal; font-weight: 500; letter-spacing: normal; orphans: 2; text-align: start; text-indent: 0px; text-transform: none; white-space: normal; widows: 2; word-spacing: 0px; -webkit-text-stroke-width: 0px; text-decoration-thickness: initial; text-decoration-style: initial; text-decoration-color: initial;\"><strong style=\"font-weight: bold !important; text-align: center;\">\u00a0<\/strong><\/p>\n<p style=\"padding-bottom: 1em; color: #666666; font-family: 'Open Sans', Arial, sans-serif; font-size: 14px; font-style: normal; font-variant-ligatures: normal; font-variant-caps: normal; font-weight: 500; letter-spacing: normal; orphans: 2; text-align: start; text-indent: 0px; text-transform: none; white-space: normal; widows: 2; word-spacing: 0px; -webkit-text-stroke-width: 0px; text-decoration-thickness: initial; text-decoration-style: initial; text-decoration-color: initial;\"><strong style=\"font-weight: bold !important; text-align: center;\">\u00a0<\/strong><\/p>\n<p>[\/et_pb_text][et_pb_button _builder_version=&#8221;3.0.85&#8243; button_text=&#8221;Contactez-nous&#8221; button_url=&#8221;https:\/\/www.vertuose.ch\/news\/index.php\/contact\/&#8221; url_new_window=&#8221;off&#8221; background_layout=&#8221;light&#8221; custom_button=&#8221;on&#8221; button_text_color=&#8221;#ffffff&#8221; button_bg_use_color_gradient=&#8221;on&#8221; button_bg_color_gradient_start=&#8221;#000000&#8243; button_bg_color_gradient_end=&#8221;rgba(53,163,34,0.67)&#8221; button_icon=&#8221;%%109%%&#8221; button_icon_color=&#8221;#ffffff&#8221; button_icon_placement=&#8221;left&#8221; module_id=&#8221;bouton-sticky&#8221; \/][\/et_pb_column][\/et_pb_row][\/et_pb_section][et_pb_section bb_built=&#8221;1&#8243; fullwidth=&#8221;on&#8221; specialty=&#8221;off&#8221; _builder_version=&#8221;3.0.85&#8243;][et_pb_fullwidth_image _builder_version=&#8221;3.0.85&#8243; src=&#8221;https:\/\/www.vertuose.ch\/news\/wp-content\/uploads\/2020\/03\/24.jpg&#8221; show_in_lightbox=&#8221;off&#8221; url_new_window=&#8221;off&#8221; use_overlay=&#8221;off&#8221; \/][\/et_pb_section]<\/p>\n","protected":false},"excerpt":{"rendered":"<p>[et_pb_section bb_built=&#8221;1&#8243; background_color=&#8221;rgba(34,201,145,0)&#8221; _builder_version=&#8221;3.0.85&#8243;][et_pb_row background_color=&#8221;rgba(0,0,0,0.71)&#8221; _builder_version=&#8221;3.0.85&#8243; use_background_color_gradient=&#8221;on&#8221; background_color_gradient_start=&#8221;rgba(0,0,0,0.74)&#8221; background_color_gradient_end=&#8221;rgba(11,175,0,0.61)&#8221;][et_pb_column type=&#8221;4_4&#8243;][et_pb_text _builder_version=&#8221;3.0.85&#8243; text_text_color=&#8221;#ffffff&#8221; custom_margin=&#8221;|||&#8221; background_layout=&#8221;light&#8221; module_alignment=&#8221;center&#8221; text_font=&#8221;Alike Angular||||||||&#8221;] &nbsp; ACCUEIL Vertuose Parcs et Jardins S\u00e0rl est une entreprise familiale de paysagisme \u0153uvrant principalement sur la r\u00e9gion de la Veveyse et alentours depuis plus de 10 ans. Notre soci\u00e9t\u00e9 a \u00e9t\u00e9 fond\u00e9e pour apporter un souffle nouveau [&hellip;]<\/p>\n","protected":false},"author":1,"featured_media":477,"parent":0,"menu_order":0,"comment_status":"closed","ping_status":"closed","template":"","meta":[],"_links":{"self":[{"href":"https:\/\/www.vertuose.ch\/index.php\/wp-json\/wp\/v2\/pages\/19"}],"collection":[{"href":"https:\/\/www.vertuose.ch\/index.php\/wp-json\/wp\/v2\/pages"}],"about":[{"href":"https:\/\/www.vertuose.ch\/index.php\/wp-json\/wp\/v2\/types\/page"}],"author":[{"embeddable":true,"href":"https:\/\/www.vertuose.ch\/index.php\/wp-json\/wp\/v2\/users\/1"}],"replies":[{"embeddable":true,"href":"https:\/\/www.vertuose.ch\/index.php\/wp-json\/wp\/v2\/comments?post=19"}],"version-history":[{"count":39,"href":"https:\/\/www.vertuose.ch\/index.php\/wp-json\/wp\/v2\/pages\/19\/revisions"}],"predecessor-version":[{"id":755,"href":"https:\/\/www.vertuose.ch\/index.php\/wp-json\/wp\/v2\/pages\/19\/revisions\/755"}],"wp:featuredmedia":[{"embeddable":true,"href":"https:\/\/www.vertuose.ch\/index.php\/wp-json\/wp\/v2\/media\/477"}],"wp:attachment":[{"href":"https:\/\/www.vertuose.ch\/index.php\/wp-json\/wp\/v2\/media?parent=19"}],"curies":[{"name":"wp","href":"https:\/\/api.w.org\/{rel}","templated":true}]}}